{"id":707,"date":"2025-03-12T17:47:27","date_gmt":"2025-03-12T16:47:27","guid":{"rendered":"https:\/\/seelenglueck.jetzt\/?page_id=707"},"modified":"2025-03-19T20:11:08","modified_gmt":"2025-03-19T19:11:08","slug":"home","status":"publish","type":"page","link":"https:\/\/seelenglueck.jetzt\/","title":{"rendered":"Home"},"content":{"rendered":"\t\t<div data-elementor-type=\"wp-page\" data-elementor-id=\"707\" class=\"elementor elementor-707\" data-elementor-post-type=\"page\">\n\t\t\t\t<div class=\"elementor-element elementor-element-802678b e-flex e-con-boxed e-con e-parent\" data-id=\"802678b\" data-element_type=\"container\">\n\t\t\t\t\t<div class=\"e-con-inner\">\n\t\t\t\t<div class=\"elementor-element elementor-element-94744d2 elementor-widget elementor-widget-heading\" data-id=\"94744d2\" data-element_type=\"widget\" data-widget_type=\"heading.default\">\n\t\t\t\t<div class=\"elementor-widget-container\">\n\t\t\t\t\t<h2 class=\"elementor-heading-title elementor-size-default\">Herzlich wilkommen bei Seelengl\u00fcck\ndein ort zum Entspannen und wohlf\u00fchlen<\/h2>\t\t\t\t<\/div>\n\t\t\t\t<\/div>\n\t\t\t\t\t<\/div>\n\t\t\t\t<\/div>\n\t\t<div class=\"elementor-element elementor-element-5862f7b e-flex e-con-boxed e-con e-parent\" data-id=\"5862f7b\" data-element_type=\"container\">\n\t\t\t\t\t<div class=\"e-con-inner\">\n\t\t\t\t<div class=\"elementor-element elementor-element-35fd947 elementor-widget__width-initial elementor-widget-mobile__width-initial elementor-widget elementor-widget-image\" data-id=\"35fd947\" data-element_type=\"widget\" data-widget_type=\"image.default\">\n\t\t\t\t<div class=\"elementor-widget-container\">\n\t\t\t\t\t\t\t\t\t\t\t\t\t\t\t<img fetchpriority=\"high\" decoding=\"async\" width=\"846\" height=\"515\" src=\"https:\/\/seelenglueck.jetzt\/wp-content\/uploads\/2025\/03\/AdobeStock_650480167-846x515.jpeg\" class=\"attachment-spa-and-salon-with-sidebar size-spa-and-salon-with-sidebar wp-image-837\" alt=\"\" \/>\t\t\t\t\t\t\t\t\t\t\t\t\t\t\t<\/div>\n\t\t\t\t<\/div>\n\t\t\t\t<div class=\"elementor-element elementor-element-e9e2a23 elementor-widget__width-initial elementor-widget-mobile__width-initial elementor-widget elementor-widget-image\" data-id=\"e9e2a23\" data-element_type=\"widget\" data-widget_type=\"image.default\">\n\t\t\t\t<div class=\"elementor-widget-container\">\n\t\t\t\t\t\t\t\t\t\t\t\t\t\t\t<img decoding=\"async\" width=\"846\" height=\"515\" src=\"https:\/\/seelenglueck.jetzt\/wp-content\/uploads\/2025\/03\/AdobeStock_140922627-846x515.jpeg\" class=\"attachment-spa-and-salon-with-sidebar size-spa-and-salon-with-sidebar wp-image-835\" alt=\"\" \/>\t\t\t\t\t\t\t\t\t\t\t\t\t\t\t<\/div>\n\t\t\t\t<\/div>\n\t\t\t\t<div class=\"elementor-element elementor-element-145b018 elementor-widget__width-initial elementor-widget-mobile__width-initial elementor-widget elementor-widget-image\" data-id=\"145b018\" data-element_type=\"widget\" data-widget_type=\"image.default\">\n\t\t\t\t<div class=\"elementor-widget-container\">\n\t\t\t\t\t\t\t\t\t\t\t\t\t\t\t<img decoding=\"async\" width=\"846\" height=\"515\" src=\"https:\/\/seelenglueck.jetzt\/wp-content\/uploads\/2025\/03\/AdobeStock_378521325-846x515.jpeg\" class=\"attachment-spa-and-salon-with-sidebar size-spa-and-salon-with-sidebar wp-image-836\" alt=\"\" \/>\t\t\t\t\t\t\t\t\t\t\t\t\t\t\t<\/div>\n\t\t\t\t<\/div>\n\t\t\t\t\t<\/div>\n\t\t\t\t<\/div>\n\t\t<div class=\"elementor-element elementor-element-010cf89 e-flex e-con-boxed e-con e-parent\" data-id=\"010cf89\" data-element_type=\"container\">\n\t\t\t\t\t<div class=\"e-con-inner\">\n\t\t\t\t<div class=\"elementor-element elementor-element-d2e8b70 elementor-widget elementor-widget-heading\" data-id=\"d2e8b70\" data-element_type=\"widget\" data-widget_type=\"heading.default\">\n\t\t\t\t<div class=\"elementor-widget-container\">\n\t\t\t\t\t<h2 class=\"elementor-heading-title elementor-size-default\">in der ruhe liegt die kraft<\/h2>\t\t\t\t<\/div>\n\t\t\t\t<\/div>\n\t\t\t\t<div class=\"elementor-element elementor-element-d7f0d92 elementor-widget elementor-widget-text-editor\" data-id=\"d7f0d92\" data-element_type=\"widget\" data-widget_type=\"text-editor.default\">\n\t\t\t\t<div class=\"elementor-widget-container\">\n\t\t\t\t\t\t\t\t\t<ul><li>Du suchst eine Massage in M\u00fcnchen?<\/li><li>Du bist gestresst und verspannt?<\/li><li>Du m\u00f6chtest bei einer Massage\u00a0<strong>entspannen\u00a0<\/strong>und neu auftanken?<\/li><li>Du suchst nach einem\u00a0<strong>Massagegutschein\u00a0<\/strong>f\u00fcr Deine Lieben?<\/li><\/ul><p>Dann freue ich mich sehr, dass Du zu mir gefunden hast. Denn wie wunderbar ist es, bei einer Entspannungsmassage wieder neu aufzutanken. In der Ruhe liegt die Kraft. Um zur\u00fcck in dieses Gef\u00fchl der inneren Ruhe zu gelangen, ist eine Massage M\u00fcnchen genau das Richtige.<\/p>\t\t\t\t\t\t\t\t<\/div>\n\t\t\t\t<\/div>\n\t\t\t\t\t<\/div>\n\t\t\t\t<\/div>\n\t\t\t\t<\/div>\n\t\t","protected":false},"excerpt":{"rendered":"<p>Herzlich wilkommen bei Seelengl\u00fcck dein ort zum Entspannen und wohlf\u00fchlen in der ruhe liegt die kraft Du suchst eine Massage in M\u00fcnchen? Du bist gestresst und verspannt? Du m\u00f6chtest bei einer Massage\u00a0entspannen\u00a0und neu auftanken? Du suchst nach einem\u00a0Massagegutschein\u00a0f\u00fcr Deine Lieben? Dann freue ich mich sehr, dass Du zu mir gefunden hast. Denn wie wunderbar ist &hellip; <\/p>\n","protected":false},"author":1,"featured_media":0,"parent":0,"menu_order":0,"comment_status":"closed","ping_status":"closed","template":"elementor_header_footer","meta":{"footnotes":""},"class_list":["post-707","page","type-page","status-publish","hentry"],"_links":{"self":[{"href":"https:\/\/seelenglueck.jetzt\/index.php?rest_route=\/wp\/v2\/pages\/707","targetHints":{"allow":["GET"]}}],"collection":[{"href":"https:\/\/seelenglueck.jetzt\/index.php?rest_route=\/wp\/v2\/pages"}],"about":[{"href":"https:\/\/seelenglueck.jetzt\/index.php?rest_route=\/wp\/v2\/types\/page"}],"author":[{"embeddable":true,"href":"https:\/\/seelenglueck.jetzt\/index.php?rest_route=\/wp\/v2\/users\/1"}],"replies":[{"embeddable":true,"href":"https:\/\/seelenglueck.jetzt\/index.php?rest_route=%2Fwp%2Fv2%2Fcomments&post=707"}],"version-history":[{"count":22,"href":"https:\/\/seelenglueck.jetzt\/index.php?rest_route=\/wp\/v2\/pages\/707\/revisions"}],"predecessor-version":[{"id":856,"href":"https:\/\/seelenglueck.jetzt\/index.php?rest_route=\/wp\/v2\/pages\/707\/revisions\/856"}],"wp:attachment":[{"href":"https:\/\/seelenglueck.jetzt\/index.php?rest_route=%2Fwp%2Fv2%2Fmedia&parent=707"}],"curies":[{"name":"wp","href":"https:\/\/api.w.org\/{rel}","templated":true}]}}